{"id":2,"date":"2025-07-20T15:17:42","date_gmt":"2025-07-20T15:17:42","guid":{"rendered":"http:\/\/bwoodmj.cluster021.hosting.ovh.net\/?page_id=2"},"modified":"2025-07-22T11:11:50","modified_gmt":"2025-07-22T11:11:50","slug":"sample-page","status":"publish","type":"page","link":"https:\/\/www.bwood-menuiserie.fr\/","title":{"rendered":"Qui sommes-nous ?"},"content":{"rendered":"\n<p>Guillaume BOUCHAYER cr\u00e9e BWood-Menuiserie apr\u00e8s une formation initiale en <strong>Design<\/strong> \u00e0 l&rsquo;ESDI et une formation en bois chez les<strong> Compagnons<\/strong> <strong>du tour de France.<\/strong> Gr\u00e2ce \u00e0 mon parcours dans le commerce, j&rsquo;ai une solide exp\u00e9rience de l&rsquo;\u00e9coute et de compr\u00e9hension de vos besoins.<\/p>\n\n\n\n<p>Nous sommes bas\u00e9s \u00e0&nbsp;<strong>Marseille<\/strong> et sp\u00e9cialis\u00e9s dans la cr\u00e9ation et la r\u00e9alisation d\u2019<strong>am\u00e9nagements sur mesure<\/strong>, qu\u2019il s\u2019agisse de vos lieux de vie ou de travail&nbsp;:&nbsp;<strong>cuisines<\/strong>,&nbsp;<strong>rangements,<\/strong>&nbsp;<strong>biblioth\u00e8ques, dressing, comptoirs, mobilier, restaurants, magasins, terrasses<\/strong><\/p>\n\n\n\n<p>Notre expertise s&rsquo;\u00e9tend \u00e9galement \u00e0 la&nbsp;<strong>r\u00e9novation de bateaux<\/strong>, y compris les&nbsp;<strong>ponts en teck<\/strong>,<\/p>\n\n\n\n<p>Passionn\u00e9s par le bois,&nbsp;nous apportons notre <strong>cr\u00e9ativit\u00e9<\/strong> et notre <strong>excellence d\u2019ex\u00e9cution<\/strong> pour vous accompagner dans la concr\u00e9tisation de vos projets, m\u00eame les plus fous \u2026<\/p>\n\n\n\n<p>Selon votre projet, nous associons les m\u00e9thodes traditionnelles et les outils modernes de trac\u00e9, de d\u00e9coupe et d\u2019assemblage avec le m\u00eame objectif :<\/p>\n\n\n\n<p>UN SERVICE UNIQUE ET DURABLE.<\/p>\n\n\n\n<p>Confiez votre projet \u00e0 un&nbsp;<strong>artisan menuisier<\/strong>&nbsp;reconnu pour son savoir-faire, sa pr\u00e9cision et son sens du d\u00e9tail.<br> <\/p>\n\n\n\n<p><br><br><\/p>\n\n\n\n<p><\/p>\n\n\n\n<p>Nous suivre  sur <a href=\"https:\/\/www.instagram.com\/bwood_menuiserie?igsh=MWZxMXZjcXd6enk3ZQ%3D%3D&amp;utm_source=qr\">Instagram<\/a><\/p>\n\n\n\n<p><\/p>\n\n\n\n<p><\/p>\n\n\n\n<p><\/p>\n\n\n\n<p><br><br><\/p>\n\n\n\n<p class=\"has-small-font-size\">RCS Marseille : &nbsp;937 915 148<br>NAF : 43.32A<br>TVA Intracommunautaire :&nbsp;FR11937915148<\/p>\n\n\n\n<p><\/p>\n","protected":false},"excerpt":{"rendered":"<p>Guillaume BOUCHAYER cr\u00e9e BWood-Menuiserie apr\u00e8s une formation initiale en Design \u00e0 l&rsquo;ESDI et une formation en bois chez les Compagnons du tour de France. Gr\u00e2ce \u00e0 mon parcours dans le commerce, j&rsquo;ai une solide exp\u00e9rience de l&rsquo;\u00e9coute et de compr\u00e9hension de vos besoins. Nous sommes bas\u00e9s \u00e0&nbsp;Marseille et sp\u00e9cialis\u00e9s dans la cr\u00e9ation et la r\u00e9alisation &hellip; <\/p>\n<p class=\"link-more\"><a href=\"https:\/\/www.bwood-menuiserie.fr\/\" class=\"more-link\">Continuer la lecture<span class=\"screen-reader-text\"> de &laquo;&nbsp;Qui sommes-nous ?&nbsp;&raquo;<\/span><\/a><\/p>\n","protected":false},"author":1,"featured_media":0,"parent":0,"menu_order":0,"comment_status":"closed","ping_status":"closed","template":"","meta":{"footnotes":""},"class_list":["post-2","page","type-page","status-publish","hentry"],"_links":{"self":[{"href":"https:\/\/www.bwood-menuiserie.fr\/index.php\/wp-json\/wp\/v2\/pages\/2","targetHints":{"allow":["GET"]}}],"collection":[{"href":"https:\/\/www.bwood-menuiserie.fr\/index.php\/wp-json\/wp\/v2\/pages"}],"about":[{"href":"https:\/\/www.bwood-menuiserie.fr\/index.php\/wp-json\/wp\/v2\/types\/page"}],"author":[{"embeddable":true,"href":"https:\/\/www.bwood-menuiserie.fr\/index.php\/wp-json\/wp\/v2\/users\/1"}],"replies":[{"embeddable":true,"href":"https:\/\/www.bwood-menuiserie.fr\/index.php\/wp-json\/wp\/v2\/comments?post=2"}],"version-history":[{"count":25,"href":"https:\/\/www.bwood-menuiserie.fr\/index.php\/wp-json\/wp\/v2\/pages\/2\/revisions"}],"predecessor-version":[{"id":212,"href":"https:\/\/www.bwood-menuiserie.fr\/index.php\/wp-json\/wp\/v2\/pages\/2\/revisions\/212"}],"wp:attachment":[{"href":"https:\/\/www.bwood-menuiserie.fr\/index.php\/wp-json\/wp\/v2\/media?parent=2"}],"curies":[{"name":"wp","href":"https:\/\/api.w.org\/{rel}","templated":true}]}}